 Let m = -173 + l. What are the prime factors of m?
379
Suppose -c = -5*f - 23, 0 = f + 1 - 3. Suppose -c = -5*l - 53. List the prime factors of (2/l*4)/((-2)/62).
2, 31
Suppose 6 + 2 = -2*b, -5*b + 17 = y. What are the prime factors of (y + -38)*(0 - 296)?
2, 37
Let w(z) = -z**2 - 6*z + 8. Suppose 0 = -2*s - 2*o - 22, -3*o = 4*s + 26 + 13. Let h be w(s). List the prime factors of (-2177)/(-28) + (-6)/h.
7, 11
Let j be 6620/16 + 2/8 + 1. Suppose 47*y = 48*y - j. List the prime factors of y.
5, 83
Let s(r) = 65*r**3 + 13*r**2 - 3. Suppose 12 = 495*u - 489*u. What are the prime factors of s(u)?
569
Suppose -4*v + i - 4297 = 0, 4*v = -5*i + 2*i - 4293. Let p = v + 2517. What are the prime factors of p?
3, 13, 37
Let l(i) = -3*i + 479. Let f be l(0). Let a = f - 89. Suppose -4*c + c + a = -4*h, -4*c - 5*h = -520. List the prime factors of c.
2, 5, 13
Let g be 1/(-2)*((-592)/(-4))/(-2). Suppose -5*h + 3 = -g. Suppose -h*t + 0*t + 704 = 0. List the prime factors of t.
2, 11
Suppose -55139 = -3*a + 3*q + 67615, -3*q + 81861 = 2*a. What are the prime factors of a?
3, 4547
Let q(z) be the third derivative of 1/8*z**4 + 1/60*z**5 + 0*z + 0 + 8*z**2 + 3/2*z**3. What are the prime factors of q(-5)?
19
Let t(i) = -i**3 + 6*i - 12. Let r = 176 + -181. What are the prime factors of t(r)?
83
Let u(f) = -f**2 + 3*f + 3. Let w be u(4). Let p be (1 - (2 - 1))*w - -1. What are the prime factors of 0 - -79 - (2 - (p + -2))?
2, 19
Let n(w) = -w**3 + 71*w**2 + 82*w - 161. List the prime factors of n(72).
13, 43
Suppose 5*k + 5*p = 227345, 60*p - 58*p + 90974 = 2*k. List the prime factors of k.
2, 22739
Suppose 3*m - 11 = -2. What are the prime factors of -3 + 5 + 334/m*3?
2, 3, 7
Let n(z) = -z**3 - 8*z**2 + 407*z + 3. What are the prime factors of n(-31)?
3, 3163
List the prime factors of 9314/(7 + 16/(-6) - 4).
2, 3, 4657
Let q(g) = 128*g**2 - 193*g + 2421. List the prime factors of q(14).
3, 8269
Let u(z) = 3*z**2 + 8*z + 11. Let x be u(-2). Suppose x*h + 1 = 43. List the prime factors of ((-9)/h - (-193)/(-2))/(-2).
7
Suppose 105*i - 98*i - 6321 = 0. Let b = i + -303. What are the prime factors of b?
2, 3, 5
Let b be 2*3*(-9)/6 + 0. Let r be 1*((4 - (-1 + 2)) + b). What are the prime factors of (-222)/(r + 7 + -2)?
2, 3, 37
Let r be 70 + -3 - (1 - -1). What are the prime factors of (-1013)/(-1) + r/(-13 - 0)?
2, 3, 7
Let v(b) = 4*b**3 + b**2 - 8*b + 17. Let i(g) = 3*g**3 - 8*g + 18. Let u(l) = -6*i(l) + 5*v(l). What are the prime factors of u(5)?
2, 7
Let r = 235 - 232. Suppose 0 = -d + r, -d - 10 = -2*n + 17. What are the prime factors of n?
3, 5
List the prime factors of 980 + 1 + (-194 - -203).
2, 3, 5, 11
Let k = 33 + -21. Suppose -5*t - 2373 = -k*t. Let a = t + -142. List the prime factors of a.
197
Let b = -27 - -30. Suppose -b*u = 7*u - 40. Suppose -5*h + 180 = -4*g + 3*g, -u*h - 4*g + 120 = 0. What are the prime factors of h?
5, 7
Let f = -48 - -51. Let o be f*7/(-42) + 1/2. Suppose 4*a - 44 = -o*a. What are the prime factors of a?
11
Let x(d) = 10*d**2 - 71*d + 817. What are the prime factors of x(64)?
3, 7, 197
Let o = 51346 - 29860. List the prime factors of o.
2, 3, 3581
Suppose 2*o - 4*i = -0*i - 14, -o + 9 = 2*i. Let a = 0 - o. Let y(v) = -41*v + 1. List the prime factors of y(a).
2, 3, 7
Let a(t) = -49*t + 72. Let m(u) = u**3 - 7*u**2 + 8*u + 3. Let k be m(3). What are the prime factors of a(k)?
3, 19
Let q be 5/(0 + (-1)/(-4)). Suppose -4*d - q = -3*p + 40, -3*d - 4*p - 45 = 0. List the prime factors of (-54)/(-10)*(-50)/d.
2, 3
Let y = 36330 + 1941. What are the prime factors of y?
3, 12757
Suppose 23*v - 16*v = 21. List the prime factors of v/(1/(-227)*(-12)/8).
2, 227
Let f be ((-1)/2)/(1/2). Let t be (0 + 6)*f + 3. What are the prime factors of t + (-3)/((-3)/34)?
31
Suppose -4*a + y = -71378, -5*a + 5*y + 62436 + 26764 = 0. What are the prime factors of a?
2, 8923
Let f = 8052 + -1648. What are the prime factors of f?
2, 1601
Suppose -67*k + 93810 = -14*k. What are the prime factors of k?
2, 3, 5, 59
Suppose 3*g + 3649 = 3*y + 8*g, 2*y + 5*g - 2426 = 0. Let t = y + -435. What are the prime factors of t?
2, 197
Let m(c) = c**3 + 31*c**2 + 19*c + 72. What are the prime factors of m(-24)?
2, 3, 19
Let i be -3 - (-50)/18 - 330/(-27). Suppose 236 = -10*j + i*j. List the prime factors of j.
2, 59
Let t(m) = -11*m - 48. Let d be t(-5). Suppose -h - d*h = -1248. What are the prime factors of h?
2, 3, 13
Let p be (-158)/(-5) + (-4)/(-10). Let l = p - -16. Suppose -f = 2*f - l. What are the prime factors of f?
2
Let h(v) = v**2 - 3*v + 66. Let g be h(0). Suppose -846 = -4*t + g. What are the prime factors of t?
2, 3, 19
Let p(j) = 0 + 2*j - 7 + 15*j**2 + 6. Let y be p(-3). Suppose y - 33 = u. What are the prime factors of u?
5, 19
Let j(c) = 28*c - 175. Suppose 36*m - 37*m = -33. List the prime factors of j(m).
7, 107
Let x(k) = 500*k - 1003. What are the prime factors of x(23)?
3, 3499
Let y(v) = v - 1. Let x be y(3). Suppose -2*c - x*c + 572 = 0. Suppose -532 = -9*d + c. List the prime factors of d.
3, 5
Suppose -2*m = -3*o + 5, 2*m = 5*m - 15. Suppose -y - 12 = -2*y - o*i, 4*y + 3*i = 116. Suppose -y = -5*t + 348. What are the prime factors of t?
2, 19
Let r(o) = o**3 + 12*o**2 + 11*o - 4. Let d be r(-11). Let p be (-12)/8*d/3. Let f(x) = 10*x**3 + 3*x**2 - 2*x + 1. List the prime factors of f(p).
89
Let y be (85/(-3))/5*-180. Suppose y = -14*r + 20*r. List the prime factors of r.
2, 5, 17
Let p = -1590 + 7682. List the prime factors of p.
2, 1523
Suppose 5*v + 15 = l, -l - 3*v - 16 = -3*l. Suppose k + 32 = l*k. Suppose k*j - 7*j - 179 = 0. List the prime factors of j.
179
Suppose -p + 39997 = 18*i - 16*i, i - 3*p - 20023 = 0. List the prime factors of i.
2, 73, 137
Let t(g) be the first derivative of -g**3/3 - 15*g**2/2 - 30*g - 164. Let r = 23 + -32. List the prime factors of t(r).
2, 3
Let r(j) = j**2 + 5*j + 5. Let c(i) = 3*i - 14. Let g be c(3). Let f be r(g). Suppose -273 = -f*m + 4*m - 5*o, o = -4. What are the prime factors of m?
293
Suppose 112*z = -272*z + 15666048. What are the prime factors of z?
3, 1511
Let v = 6589 + -2138. List the prime factors of v.
4451
Let l = -48 + 50. Suppose g = -3*x - l + 7, -3*g + 3*x = -3. Suppose 5*k - z - 27 = -2*z, -g*z = -2*k + 6. What are the prime factors of k?
5
Let y be (-6159)/(-12) + 1/(-4). Suppose -6*v = -y - 975. List the prime factors of v.
2, 31
Let y(c) = 36*c**3 - c**2 - 7*c + 16. Let z be y(5). Suppose 9*a = 1133 + z. List the prime factors of a.
3, 23
Suppose -7*v = -x - 8*v + 21670, -2*x + 3*v = -43350. List the prime factors of x.
2, 3, 7, 43
Let t = -93 + 150. Suppose -k - t = -5*k + f, 2*f - 54 = -4*k. Suppose k*w - 710 = 4*w. What are the prime factors of w?
71
Let d = 65113 + 17984. What are the prime factors of d?
3, 7, 1319
Let m(b) = 123*b**2 - 12*b - 246. List the prime factors of m(-9).
3, 5, 131
Let w(f) = 64*f + 8 + 64*f - 19*f. Let c be w(-5). Let n = -346 - c. What are the prime factors of n?
191
Let x = -2935 + 5637. List the prime factors of x.
2, 7, 193
Let n(l) = -286*l + 241. Let c be n(-20). Suppose -5*o = c - 14496. List the prime factors of o.
3, 569
Suppose -3*r + 4*k = -50905, 16*k - 84823 = -5*r + 20*k. List the prime factors of r.
3, 5653
Let s be (-5 + 0/(-8))/(1/(-3)). Let b = s + -10. Suppose 369 = b*m - 271. What are the prime factors of m?
2
Suppose -2*a + 24 = -4*x, -x + 3*a = a. Let b = -5 - x. List the prime factors of (b + (-8)/3)*111.
37
Suppose 272 = -h + 966. Suppose 4*k = 4*d + 1448, -4*d + h = 2*k - 0*k. List the prime factors of k.
3, 7, 17
Suppose -b - 18*b = 665. List the prime factors of (-7310)/b - 4/(-28).
11, 19
Let g(i) = 227*i**2 + 40*i + 275. List the prime factors of g(-7).
2, 3, 17, 109
Suppose -53*n - 12164 = -163691. Suppose 3*m - n = -207. List the prime factors of m.
2, 13, 17
Let l = 3433 - 85. List the prime factors of l.
2, 3, 31
Let a(i) be the third derivative of -i**6/120 + i**5/30 + i**4/24 - i**3/6 - 15*i**2. Let f be a(3). List the prime factors of (-4)/28*-898 + 2/f.
2
Let j = -55 + 57. Suppose -5*k + 14 = j*k. List the prime factors of k.
2
Let a = -96014 - -183939. List the prime factors of a.
5, 3517
Let w(q) = 11*q + 148 - 82 + 17*q - 97. List the prime factors of w(10).
3, 83
Let h(x) = 260*x - 157. Let p(q) = 174